{"id":1900,"date":"2020-03-05T15:05:34","date_gmt":"2020-03-05T14:05:34","guid":{"rendered":"https:\/\/grotte-de-trabuc.com\/services-et-boutique\/"},"modified":"2021-05-14T11:55:58","modified_gmt":"2021-05-14T09:55:58","slug":"servicios-y-tienda","status":"publish","type":"page","link":"https:\/\/grotte-de-trabuc.com\/es\/servicios-y-tienda\/","title":{"rendered":"Servicios y tienda"},"content":{"rendered":"<div class=\"fusion-fullwidth fullwidth-box fusion-builder-row-1 nonhundred-percent-fullwidth non-hundred-percent-height-scrolling\" style=\"--awb-border-radius-top-left:0px;--awb-border-radius-top-right:0px;--awb-border-radius-bottom-right:0px;--awb-border-radius-bottom-left:0px;--awb-margin-bottom:50px;--awb-flex-wrap:wrap;\" ><div class=\"fusion-builder-row fusion-row\"><div class=\"fusion-layout-column fusion_builder_column fusion-builder-column-0 fusion_builder_column_1_1 1_1 fusion-one-full fusion-column-first fusion-column-last\" style=\"--awb-bg-size:cover;--awb-margin-bottom:0px;\"><div class=\"fusion-column-wrapper fusion-flex-column-wrapper-legacy\"><div class=\"fusion-text fusion-text-1\"><ul>\n<li><strong>Bar y snacks<br \/>\n<\/strong><\/li>\n<\/ul>\n<p>Si deseas comer antes o despu\u00e9s de tu visita a la cueva , ofrecemos varios aperitivos y bebidas. Mesas al interior y dos terrazas exteriores permiten aprovechar la tranquilidad frente a las C\u00e9vennes.<\/p>\n<ul>\n<li><strong>Ti<\/strong><strong>enda de 300 m\u00b2<\/strong><\/li>\n<\/ul>\n<p>Colecci\u00f3n de minerales y f\u00f3siles joyas, libros peluches, juguetes, productos regionales, vinos, souvenirs\u2026. Encontrar\u00e1s indudablemente tu felicidad. Para ti o tus personas queridas, para guardar un recuerdo de tu visita a la cueva de Trabuc. La tienda es accesible para las personas en sillas de rueda.<\/p>\n<ul>\n<li><strong>Estacionamiento<\/strong><\/li>\n<\/ul>\n<p>El estacionamiento es completamente gratuito y accesible para los visitantes. Est\u00e1 ubicado frente al sitio.<br \/>\nUna plaza de aparcamiento est\u00e1 reservada para personas con discapacidad cerca de la entrada.<br \/>\n<span lang=\"es\">Presencia de almacenamiento para bicicletas.<\/span><\/p>\n<ul>\n<li><strong>Inodoros<\/strong><\/li>\n<\/ul>\n<p>Ba\u00f1os gratuitos est\u00e1n disponibles para todos nuestros visitantes y accesibles para personas con movilidad reducida.<br \/>\nUna mesa para cambiar pa\u00f1ales tambi\u00e9n est\u00e1 a disposici\u00f3n.<\/p>\n<ul>\n<li><strong>Servicios<\/strong><\/li>\n<\/ul>\n<p>Pr\u00e9stamo de portabeb\u00e9s y chaquetas o chalecos en el l\u00edmite de disponibilidad. Por favor prever su visita.<br \/>\nPodemos guardar cascos de moto en recepci\u00f3n.<\/p>\n<\/div><div class=\"fusion-slider-sc fusion-flexslider-loading flexslider flexslider-hover-type-none\" data-slideshow_autoplay=\"1\" data-slideshow_smooth_height=\"0\" data-slideshow_speed=\"7000\" style=\"max-width:100%;height:100%;\"><ul class=\"slides\"><li class=\"image\"><span class=\"fusion-image-hover-element hover-type-none\"><img decoding=\"async\" src=\"https:\/\/grotte-de-trabuc.com\/wp-content\/uploads\/2021\/05\/trabuc-4535.jpg\" width=\"2560\" height=\"1708\" class=\"wp-image-9361\" \/><\/span><\/li><li class=\"image\"><span class=\"fusion-image-hover-element hover-type-none\"><img decoding=\"async\" src=\"https:\/\/grotte-de-trabuc.com\/wp-content\/uploads\/2021\/03\/Boutique-2.jpg\" width=\"2560\" height=\"1244\" class=\"wp-image-8597\" \/><\/span><\/li><li class=\"image\"><span class=\"fusion-image-hover-element hover-type-none\"><img decoding=\"async\" src=\"https:\/\/grotte-de-trabuc.com\/wp-content\/uploads\/2021\/03\/Boutique-3.jpg\" width=\"2560\" height=\"1244\" class=\"wp-image-8600\" \/><\/span><\/li><li class=\"image\"><span class=\"fusion-image-hover-element hover-type-none\"><img decoding=\"async\" src=\"https:\/\/grotte-de-trabuc.com\/wp-content\/uploads\/2021\/05\/mialet.jpg\" width=\"2560\" height=\"1917\" class=\"wp-image-9358\" \/><\/span><\/li><li class=\"image\"><span class=\"fusion-image-hover-element hover-type-none\"><img decoding=\"async\" src=\"https:\/\/grotte-de-trabuc.com\/wp-content\/uploads\/2021\/05\/100_3659.jpg\" width=\"2560\" height=\"1917\" class=\"wp-image-9355\" \/><\/span><\/li><li class=\"image\"><span class=\"fusion-image-hover-element hover-type-none\"><img decoding=\"async\" src=\"https:\/\/grotte-de-trabuc.com\/wp-content\/uploads\/2021\/05\/abarines5.jpg\" width=\"2304\" height=\"1728\" class=\"wp-image-9533\" srcset=\"https:\/\/grotte-de-trabuc.com\/wp-content\/uploads\/2021\/05\/abarines5-200x150.jpg 200w, https:\/\/grotte-de-trabuc.com\/wp-content\/uploads\/2021\/05\/abarines5-400x300.jpg 400w, https:\/\/grotte-de-trabuc.com\/wp-content\/uploads\/2021\/05\/abarines5-600x450.jpg 600w, https:\/\/grotte-de-trabuc.com\/wp-content\/uploads\/2021\/05\/abarines5-800x600.jpg 800w, https:\/\/grotte-de-trabuc.com\/wp-content\/uploads\/2021\/05\/abarines5-1200x900.jpg 1200w, https:\/\/grotte-de-trabuc.com\/wp-content\/uploads\/2021\/05\/abarines5.jpg 2304w\" sizes=\"(max-width: 800px) 100vw, 2304px\" \/><\/span><\/li><li class=\"image\"><span class=\"fusion-image-hover-element hover-type-none\"><img decoding=\"async\" src=\"https:\/\/grotte-de-trabuc.com\/wp-content\/uploads\/2021\/05\/20180510_124942.jpg\" width=\"2560\" height=\"1920\" class=\"wp-image-9537\" \/><\/span><\/li><\/ul><\/div><div class=\"fusion-clearfix\"><\/div><\/div><\/div><\/div><\/div>\n<span class=\"et_bloom_bottom_trigger\"><\/span>","protected":false},"excerpt":{"rendered":"","protected":false},"author":1,"featured_media":0,"parent":0,"menu_order":0,"comment_status":"closed","ping_status":"closed","template":"","meta":{"_acf_changed":false,"inline_featured_image":false,"footnotes":""},"class_list":["post-1900","page","type-page","status-publish","hentry"],"acf":[],"_links":{"self":[{"href":"https:\/\/grotte-de-trabuc.com\/es\/wp-json\/wp\/v2\/pages\/1900","targetHints":{"allow":["GET"]}}],"collection":[{"href":"https:\/\/grotte-de-trabuc.com\/es\/wp-json\/wp\/v2\/pages"}],"about":[{"href":"https:\/\/grotte-de-trabuc.com\/es\/wp-json\/wp\/v2\/types\/page"}],"author":[{"embeddable":true,"href":"https:\/\/grotte-de-trabuc.com\/es\/wp-json\/wp\/v2\/users\/1"}],"replies":[{"embeddable":true,"href":"https:\/\/grotte-de-trabuc.com\/es\/wp-json\/wp\/v2\/comments?post=1900"}],"version-history":[{"count":20,"href":"https:\/\/grotte-de-trabuc.com\/es\/wp-json\/wp\/v2\/pages\/1900\/revisions"}],"predecessor-version":[{"id":9771,"href":"https:\/\/grotte-de-trabuc.com\/es\/wp-json\/wp\/v2\/pages\/1900\/revisions\/9771"}],"wp:attachment":[{"href":"https:\/\/grotte-de-trabuc.com\/es\/wp-json\/wp\/v2\/media?parent=1900"}],"curies":[{"name":"wp","href":"https:\/\/api.w.org\/{rel}","templated":true}]}}

<div class="fusion-fullwidth fullwidth-box fusion-builder-row-1 nonhundred-percent-fullwidth non-hundred-percent-height-scrolling" style="--awb-border-radius-top-left:0px;--awb-border-radius-top-right:0px;--awb-border-radius-bottom-right:0px;--awb-border-radius-bottom-left:0px;--awb-margin-bottom:50px;--awb-flex-wrap:wrap;" ><div class="fusion-builder-row fusion-row"><div class="fusion-layout-column fusion_builder_column fusion-builder-column-0 fusion_builder_column_1_1 1_1 fusion-one-full fusion-column-first fusion-column-last" style="--awb-bg-size:cover;--awb-margin-bottom:0px;"><div class="fusion-column-wrapper fusion-flex-column-wrapper-legacy"><div class="fusion-text fusion-text-1"><ul>
<li><strong>Bar y snacks<br />
</strong></li>
</ul>
<p>Si deseas comer antes o después de tu visita a la cueva , ofrecemos varios aperitivos y bebidas. Mesas al interior y dos terrazas exteriores permiten aprovechar la tranquilidad frente a las Cévennes.</p>
<ul>
<li><strong>Ti</strong><strong>enda de 300 m²</strong></li>
</ul>
<p>Colección de minerales y fósiles joyas, libros peluches, juguetes, productos regionales, vinos, souvenirs…. Encontrarás indudablemente tu felicidad. Para ti o tus personas queridas, para guardar un recuerdo de tu visita a la cueva de Trabuc. La tienda es accesible para las personas en sillas de rueda.</p>
<ul>
<li><strong>Estacionamiento</strong></li>
</ul>
<p>El estacionamiento es completamente gratuito y accesible para los visitantes. Está ubicado frente al sitio.<br />
Una plaza de aparcamiento está reservada para personas con discapacidad cerca de la entrada.<br />
<span lang="es">Presencia de almacenamiento para bicicletas.</span></p>
<ul>
<li><strong>Inodoros</strong></li>
</ul>
<p>Baños gratuitos están disponibles para todos nuestros visitantes y accesibles para personas con movilidad reducida.<br />
Una mesa para cambiar pañales también está a disposición.</p>
<ul>
<li><strong>Servicios</strong></li>
</ul>
<p>Préstamo de portabebés y chaquetas o chalecos en el límite de disponibilidad. Por favor prever su visita.<br />
Podemos guardar cascos de moto en recepción.</p>
</div><div class="fusion-slider-sc fusion-flexslider-loading flexslider flexslider-hover-type-none" data-slideshow_autoplay="1" data-slideshow_smooth_height="0" data-slideshow_speed="7000" style="max-width:100%;height:100%;"><ul class="slides"><li class="image"><span class="fusion-image-hover-element hover-type-none"><img decoding="async" src="https://grotte-de-trabuc.com/wp-content/uploads/2021/05/trabuc-4535.jpg" width="2560" height="1708" class="wp-image-9361" /></span></li><li class="image"><span class="fusion-image-hover-element hover-type-none"><img decoding="async" src="https://grotte-de-trabuc.com/wp-content/uploads/2021/03/Boutique-2.jpg" width="2560" height="1244" class="wp-image-8597" /></span></li><li class="image"><span class="fusion-image-hover-element hover-type-none"><img decoding="async" src="https://grotte-de-trabuc.com/wp-content/uploads/2021/03/Boutique-3.jpg" width="2560" height="1244" class="wp-image-8600" /></span></li><li class="image"><span class="fusion-image-hover-element hover-type-none"><img decoding="async" src="https://grotte-de-trabuc.com/wp-content/uploads/2021/05/mialet.jpg" width="2560" height="1917" class="wp-image-9358" /></span></li><li class="image"><span class="fusion-image-hover-element hover-type-none"><img decoding="async" src="https://grotte-de-trabuc.com/wp-content/uploads/2021/05/100_3659.jpg" width="2560" height="1917" class="wp-image-9355" /></span></li><li class="image"><span class="fusion-image-hover-element hover-type-none"><img decoding="async" src="https://grotte-de-trabuc.com/wp-content/uploads/2021/05/abarines5.jpg" width="2304" height="1728" class="wp-image-9533" srcset="https://grotte-de-trabuc.com/wp-content/uploads/2021/05/abarines5-200x150.jpg 200w, https://grotte-de-trabuc.com/wp-content/uploads/2021/05/abarines5-400x300.jpg 400w, https://grotte-de-trabuc.com/wp-content/uploads/2021/05/abarines5-600x450.jpg 600w, https://grotte-de-trabuc.com/wp-content/uploads/2021/05/abarines5-800x600.jpg 800w, https://grotte-de-trabuc.com/wp-content/uploads/2021/05/abarines5-1200x900.jpg 1200w, https://grotte-de-trabuc.com/wp-content/uploads/2021/05/abarines5.jpg 2304w" sizes="(max-width: 800px) 100vw, 2304px" /></span></li><li class="image"><span class="fusion-image-hover-element hover-type-none"><img decoding="async" src="https://grotte-de-trabuc.com/wp-content/uploads/2021/05/20180510_124942.jpg" width="2560" height="1920" class="wp-image-9537" /></span></li></ul></div><div class="fusion-clearfix"></div></div></div></div></div>
<span class="et_bloom_bottom_trigger"></span>
