{"id":734,"date":"2020-03-05T14:56:00","date_gmt":"2020-03-05T13:56:00","guid":{"rendered":"https:\/\/grotte-de-trabuc.com\/presse-3\/"},"modified":"2024-03-13T09:16:38","modified_gmt":"2024-03-13T08:16:38","slug":"prensa","status":"publish","type":"page","link":"https:\/\/grotte-de-trabuc.com\/es\/prensa\/","title":{"rendered":"Prensa"},"content":{"rendered":"<h2>Espacio reservado a la prensa<\/h2>\n<p>\u00bfTe gustar\u00eda aprender m\u00e1s sobre la cueva de Trabuc? Consulte nuestro dossier de prensa. Encontrar\u00e1s mucha informaci\u00f3n para informarte y comunicar sobre la cueva.<\/p>\n<a href='https:\/\/grotte-de-trabuc.com\/wp-content\/uploads\/2024\/03\/dossier-presse-trabuc-2026-leger.pdf' class='btn btn_telecharger_dossier_presse'>Descargar el dossier de prensa<\/a>\n<p>Para obtener otras informaciones, puedes contactarnos :<\/p>\n<ul>\n<li>al <strong>+33 (0)4 66 85 03 28,<\/strong><\/li>\n<li>al <b>07 87 39 06 24,<\/b><\/li>\n<li>a nuestro <a href=\"https:\/\/www.trabuc.wizaero.com\/es\/contacto\/\">formulario de contacto<\/a>.<\/li>\n<\/ul>\n<span class=\"et_bloom_bottom_trigger\"><\/span>","protected":false},"excerpt":{"rendered":"<p>Espacio reservado a la prensa \u00bfTe gustar\u00eda aprender m\u00e1s sobre  [&#8230;]<\/p>\n","protected":false},"author":3,"featured_media":0,"parent":0,"menu_order":0,"comment_status":"closed","ping_status":"closed","template":"template-dossier-presse.php","meta":{"_acf_changed":false,"inline_featured_image":false,"footnotes":""},"class_list":["post-734","page","type-page","status-publish","hentry"],"acf":[],"_links":{"self":[{"href":"https:\/\/grotte-de-trabuc.com\/es\/wp-json\/wp\/v2\/pages\/734","targetHints":{"allow":["GET"]}}],"collection":[{"href":"https:\/\/grotte-de-trabuc.com\/es\/wp-json\/wp\/v2\/pages"}],"about":[{"href":"https:\/\/grotte-de-trabuc.com\/es\/wp-json\/wp\/v2\/types\/page"}],"author":[{"embeddable":true,"href":"https:\/\/grotte-de-trabuc.com\/es\/wp-json\/wp\/v2\/users\/3"}],"replies":[{"embeddable":true,"href":"https:\/\/grotte-de-trabuc.com\/es\/wp-json\/wp\/v2\/comments?post=734"}],"version-history":[{"count":14,"href":"https:\/\/grotte-de-trabuc.com\/es\/wp-json\/wp\/v2\/pages\/734\/revisions"}],"predecessor-version":[{"id":12213,"href":"https:\/\/grotte-de-trabuc.com\/es\/wp-json\/wp\/v2\/pages\/734\/revisions\/12213"}],"wp:attachment":[{"href":"https:\/\/grotte-de-trabuc.com\/es\/wp-json\/wp\/v2\/media?parent=734"}],"curies":[{"name":"wp","href":"https:\/\/api.w.org\/{rel}","templated":true}]}}

<h2>Espacio reservado a la prensa</h2>
<p>¿Te gustaría aprender más sobre la cueva de Trabuc? Consulte nuestro dossier de prensa. Encontrarás mucha información para informarte y comunicar sobre la cueva.</p>
<a href='https://grotte-de-trabuc.com/wp-content/uploads/2024/03/dossier-presse-trabuc-2026-leger.pdf' class='btn btn_telecharger_dossier_presse'>Descargar el dossier de prensa</a>
<p>Para obtener otras informaciones, puedes contactarnos :</p>
<ul>
<li>al <strong>+33 (0)4 66 85 03 28,</strong></li>
<li>al <b>07 87 39 06 24,</b></li>
<li>a nuestro <a href="https://www.trabuc.wizaero.com/es/contacto/">formulario de contacto</a>.</li>
</ul>
<span class="et_bloom_bottom_trigger"></span>

<p>Espacio reservado a la prensa ¿Te gustaría aprender más sobre  [&#8230;]</p>
